1
Let r = 4 - 2. Let s be r + (0 - 2 - -4). Suppose -o + 3*g + 13 = 0, -s*g - 24 = 2*o - 4*o. What is the greatest common divisor of 90 and o?
10
Suppose -18 = -6*b - 0*b. Suppose b*m = -3*h + 4*h, -h = 2*m - 5. Calculate the greatest common factor of m and 2.
1
Let o be 1575 - 3 - 50/(-10). What is the greatest common factor of 19 and o?
19
Suppose 4*j - 272 = 92. Let o be 438/34 + 8/68. Calculate the greatest common factor of j and o.
13
Let u(q) = q**3 - 6*q**2 - 3*q + 2. Let d be u(7). Calculate the greatest common divisor of 165 and d.
15
Suppose 768 = -21*i + 25*i. Calculate the highest common factor of 672 and i.
96
Suppose -4*o + 1280 = 5*h, 8*h = 7*h + 2*o + 256. What is the greatest common divisor of 176 and h?
16
Let w(o) = -8*o + 63. Let m be w(7). Suppose 5*s - 6 = 9. Let n be (-21)/s*(0 - 1). What is the highest common factor of n and m?
7
Suppose 68*k = 59*k + 198. Let d = 591 + -349. What is the highest common divisor of d and k?
22
Let k(w) = -w**3 - 10*w**2 - 15*w + 9. Let m be k(-8). Suppose x = -m + 18. Calculate the greatest common divisor of 17 and x.
17
Let a(m) = -m**3 - 15*m**2 - 17*m + 13. Let n be a(-14). Let t be (5 - 1) + (n - 2). What is the greatest common divisor of t and 38?
19
Let j(m) = m**2 + 16*m + 18. Let i be j(-15). Let c(g) = -g**3 + 7*g**2 + 10*g + 5. Let f be c(8). What is the greatest common divisor of f and i?
3
Let q be (36/8)/3*(-8)/(-3). Suppose q*r - a = -r + 113, -3*a + 13 = r. Calculate the greatest common factor of 11 and r.
11
Let g(d) = -2*d + 9. Let i be g(4). Suppose -35 = -3*z + i. Let k = -6 - -10. Calculate the greatest common divisor of k and z.
4
Suppose -16*i + 12*i + 192 = 0. Suppose 3*p - 7*p = -480. What is the highest common divisor of p and i?
24
Suppose 29*a + 46*a = 9000. What is the greatest common divisor of a and 255?
15
Let w = 35 + -29. Suppose w*c = -74 + 218. What is the greatest common factor of c and 60?
12
Suppose 11*y + 56 = 100. Calculate the greatest common divisor of y and 108.
4
Let w(u) = 38*u + 35. Let x be w(5). Calculate the greatest common factor of 50 and x.
25
Suppose d - z + 0 = 1, -2*z = 5*d - 33. Calculate the highest common divisor of d and 160.
5
Suppose -5*p + 3*p + 56 = 4*q, -q - p + 13 = 0. Let h be ((-1)/(-2))/((17/(-12))/17). Let k = h + q. Calculate the greatest common divisor of 63 and k.
9
Let l be (-6126)/(-45) + -3 + 86/30. Suppose 3*k = l + 53. Calculate the greatest common divisor of k and 14.
7
Suppose -2*d + 91 = 5*v, 4*v = -3*d + 2*d + 74. What is the highest common factor of 1007 and v?
19
Let k(z) = -z**3 + 5*z**2 - 4*z + 19. Let x be k(5). Let v be (-1 - 0)*x*20. Calculate the highest common divisor of 10 and v.
10
Suppose r - 8*d - 71 = -11*d, 2*d = 3*r - 224. What is the greatest common divisor of r and 37?
37
Let b be (-32)/(-12) + (26/3)/(-13). Calculate the highest common factor of 118 and b.
2
Let a = 18 + -41. Let u be (1*a)/((-2)/16). Let o = u + -129. Calculate the greatest common divisor of 5 and o.
5
Let v be (-17 + (7 - -4))*(-3)/2. What is the highest common factor of v and 153?
9
Let g(o) = -o**3 + 10*o**2 - 24*o + 15. Let a be g(5). Calculate the greatest common divisor of 1060 and a.
20
Suppose 3*o + 4*l - 24 = 0, 6 = 3*l - l. Suppose 6 = o*t - 2*n, -3*t + 8*n + 1 = 3*n. Suppose 9 - 33 = -t*j. Calculate the greatest common factor of j and 96.
12
Let z = -82 + 49. Let a = -33 - z. Suppose a = 4*c - 4*h - 28, 3*c + 2*h + 3*h = 13. Calculate the highest common factor of 42 and c.
6
Let t(l) = -3*l - 1. Let k be t(-3). Let p be ((-114)/k)/((-12)/32). Let i = p - 14. Calculate the highest common divisor of i and 16.
8
Let h = 41 - -7. Let p be 69 + 3 + (-2 - -2) + 0. What is the highest common factor of p and h?
24
Let m(u) = -1 + u**3 + 0*u**3 + u + 7*u**2 + 5. Let o be m(-6). Let w be (o/4)/(7/14). Calculate the greatest common divisor of w and 136.
17
Let c be ((-54)/(-60))/((-11)/(-110)). Suppose -3*m + 148 = -2*m. Let t = m - 85. Calculate the highest common factor of c and t.
9
Let k(w) = -w**3 + 22*w**2 + 26*w + 3. Let f be k(23). Calculate the highest common factor of 126 and f.
18
Let l = 6 - 8. Let x be (-55)/l + 8/16. What is the highest common divisor of 14 and x?
14
Let i(u) = -u**2 + 24*u + 677. Let g be i(38). What is the highest common divisor of g and 261?
29
Let f = -1769 - -2056. What is the greatest common divisor of 82 and f?
41
Let k(m) = -6*m - 11. Let g be k(-7). Suppose g*y - 35*y + 160 = 0. What is the highest common divisor of y and 20?
20
Let m be (-4)/12*1 - 354/(-9). What is the highest common factor of m and 39?
39
Let g(f) = -4*f**3 - 145*f**2 - 36*f + 40. Let x be g(-36). Let s(u) = u**3 - 9*u**2 - 8*u. Let k be s(10). Calculate the greatest common divisor of x and k.
20
Let d = -45 + 45. Suppose -10*f + 561 - 11 = d. Calculate the greatest common factor of 11 and f.
11
Suppose 2*p = 5*p. Suppose 3*j - 2*c - 16 = p, j - 12 = 2*c - 0*c. Suppose -90 = -m - 4*m. What is the highest common divisor of j and m?
2
Suppose -2*f - 2*f + 229 = -3*d, 95 = 2*f + 5*d. Calculate the greatest common divisor of f and 2255.
55
Let i(p) = 18*p + 295. Let h be i(-9). Calculate the greatest common factor of 7 and h.
7
Let h be (8 - 28)*4/(-8). What is the highest common factor of 30 and h?
10
Let u(a) = -a**3 + 7*a**2 - 7*a + 6. Let r be u(6). Suppose r = -2*d - 4*g + 26 + 94, 4*d - 240 = 3*g. Calculate the greatest common divisor of 24 and d.
12
Let q be 3/(-6)*5488/(-14). What is the highest common factor of q and 245?
49
Let y(q) = q**3 - 9*q**2 + 3*q - 25. Let s be y(9). What is the highest common factor of 128 and s?
2
Let g = 14 - 46. Let b = g - -40. What is the greatest common divisor of b and 16?
8
Suppose -i + 955 = 5*c, -6*i = -4*c - i + 735. Suppose 4*l - 2*q = c, -2*l = -3*l + 2*q + 55. What is the greatest common divisor of 45 and l?
45
Let q = 837 + -387. Let g = 152 - 102. Calculate the greatest common divisor of g and q.
50
Let b be 2/6 - 17/(-3). Suppose -521*m + 1069*m - 527*m = 84. Calculate the greatest common divisor of m and b.
2
Suppose -28*s + 17*s = -1408. What is the highest common divisor of 16 and s?
16
Let v = 1556 + -1540. Calculate the greatest common divisor of 1 and v.
1
Suppose k - g = -14, -2 = -2*g + g. Let v = k + 14. Let i be v/(-4)*-2*24. Calculate the highest common factor of 36 and i.
12
Let j(f) = f**2 - 6*f - 7. Let c be j(-3). Let n(s) = -10*s**3 - s**2 - 3*s - 2. Let r be n(-1). What is the greatest common factor of r and c?
10
Let h(b) = 21*b - 61. Let f be h(11). What is the greatest common factor of f and 10?
10
Suppose -n + 12 = -34. Calculate the greatest common factor of 69 and n.
23
Let k = -36 + 12. Let o be (-1 + 0)*3*8/k. Calculate the greatest common factor of o and 5.
1
Let r be (-1214)/14 + (-14)/49. Let c be r/(-5) + 10/(-25). Let i = c + -5. What is the highest common divisor of 12 and i?
12
Let g(s) = -3*s + 9. Suppose -2*y = 5*n, -n - 4 = -3*n. Let v be g(y). Calculate the highest common factor of v and 60.
12
Let b(s) = -s**3 + s**2 + s + 177. Let m be b(0). Let v = -87 + m. Let l(i) = -i + 18. Let o be l(9). What is the highest common divisor of v and o?
9
Let y = -35 + 41. Suppose -1 = -2*b + 1. Let v be (0 + b)*(-1 + y). Calculate the greatest common factor of v and 5.
5
Let n be 8/36 + (-75)/(-27). Let x be 177 + (n - (1 - -3)). Calculate the highest common divisor of 11 and x.
11
Let r = 869 + -813. What is the greatest common factor of r and 119?
7
Let d(h) = 11*h**2 - 5*h + 4. Let j be d(3). Suppose 4*u - 27*u + 184 = 0. Calculate the highest common factor of u and j.
8
Suppose -4*l + 20 = 3*n, 5*n - 3*l - 42 = -l. Suppose 0*k = -5*k + 20. Calculate the highest common divisor of n and k.
4
Let w be ((-48)/(-60))/((-4)/(-6450)). What is the greatest common divisor of w and 20?
10
Suppose -5 - 31 = -2*s. Let p be (-3)/(-4)*(-16)/(-6). Suppose -3*n = 5*b - 39, -99 = -3*n - p*n + 3*b. Calculate the greatest common factor of s and n.
18
Suppose -4*y - 16 = -8, y - 408 = -q. Calculate the highest common factor of 30 and q.
10
Let a(k) = -34*k + 462. Let g be a(0). Calculate the greatest common factor of 99 and g.
33
Suppose -8*n + 3411 = -21. Suppose -2*d = 93 - n. Calculate the greatest common factor of d and 21.
21
Let s = 1287 + -1219. 